ctors of 87500556.
2, 3, 11, 13, 23, 739
What are the prime factors of 32728312?
2, 31, 131969
List the prime factors of 342362288.
2, 47, 455269
What are the prime factors of 1014526271?
11, 293, 314777
What are the prime factors of 2652758782?
2, 1326379391
What are the prime factors of 737509270?
2, 5, 107, 689261
What are the prime factors of 467013187?
29, 555307
What are the prime factors of 17228450?
2, 5, 587
What are the prime factors of 62504194?
2, 31252097
What are the prime factors of 517003739?
7, 73, 1011749
List the prime factors of 2618664956.
2, 654666239
List the prime factors of 123349740.
2, 3, 5, 2055829
List the prime factors of 766476602.
2, 383238301
What are the prime factors of 35201790?
2, 3, 5, 13, 3343
List the prime factors of 2088704.
2, 41, 199
List the prime factors of 156490687.
156490687
What are the prime factors of 2880286?
2, 19, 75797
What are the prime factors of 73803903?
3, 24601301
List the prime factors of 36335970.
2, 3, 5, 11, 17, 127
What are the prime factors of 2114939345?
5, 422987869
List the prime factors of 1130308076.
2, 47, 59, 181, 563
List the prime factors of 327165467.
2411, 135697
What are the prime factors of 534358667?
53, 773, 13043
List the prime factors of 292163165.
5, 7, 1597, 5227
What are the prime factors of 623236670?
2, 5, 7, 19, 468599
List the prime factors of 10798207.
7, 883, 1747
What are the prime factors of 166160372?
2, 7, 23, 29, 31, 41
List the prime factors of 264626294.
2, 37, 3576031
What are the prime factors of 155269338?
2, 3, 7, 528127
What are the prime factors of 574564699?
9949, 57751
What are the prime factors of 1625930601?
3, 71, 691, 11047
What are the prime factors of 87621888?
2, 3, 271, 421
What are the prime factors of 212788310?
2, 5, 7, 3039833
What are the prime factors of 2041682956?
2, 2333, 218783
List the prime factors of 165787166.
2, 82893583
What are the prime factors of 2800929067?
2800929067
List the prime factors of 288794432.
2, 503, 8971
List the prime factors of 541989168.
2, 3, 7, 41, 39343
List the prime factors of 2435749828.
2, 73, 953, 8753
What are the prime factors of 16618744?
2, 2077343
List the prime factors of 824066144.
2, 11, 212827
List the prime factors of 24037642.
2, 37, 157, 2069
List the prime factors of 55754089.
31, 1798519
List the prime factors of 442323730.
2, 5, 3187, 13879
List the prime factors of 16623740.
2, 5, 7, 16963
List the prime factors of 48725115.
3, 5, 37, 87793
What are the prime factors of 474876341?
474876341
What are the prime factors of 334012006?
2, 2777, 60139
List the prime factors of 99826296.
2, 3, 37, 79, 1423
What are the prime factors of 1993670?
2, 5, 7, 19, 1499
What are the prime factors of 2194137298?
2, 1097068649
What are the prime factors of 50632160?
2, 5, 47, 6733
List the prime factors of 1223702645.
5, 11, 2022649
What are the prime factors of 2471210803?
389, 1097, 5791
What are the prime factors of 466979954?
2, 7, 3719, 8969
List the prime factors of 15845710.
2, 5, 1584571
What are the prime factors of 2309523556?
2, 577380889
What are the prime factors of 147172013?
29, 5074897
What are the prime factors of 158556408?
2, 3, 647, 10211
What are the prime factors of 26289138?
2, 3, 23, 29, 6569
What are the prime factors of 449851736?
2, 6703, 8389
What are the prime factors of 129969330?
2, 3, 5, 59, 97, 757
What are the prime factors of 8245300360?
2, 5, 11, 23, 73, 11161
What are the prime factors of 463389944?
2, 17, 3407279
List the prime factors of 342266625.
3, 5, 307, 991
List the prime factors of 255751320.
2, 3, 5, 11, 193751
List the prime factors of 21373990.
2, 5, 11, 194309
What are the prime factors of 1480389007?
9343, 158449
What are the prime factors of 464383865?
5, 11, 131, 64453
List the prime factors of 106371767.
373, 285179
What are the prime factors of 184337108?
2, 29, 37, 1481
List the prime factors of 39569644.
2, 127, 77893
What are the prime factors of 93234240?
2, 3, 5, 11, 109
List the prime factors of 312932370.
2, 3, 5, 439, 23761
List the prime factors of 1586009058.
2, 3, 264334843
List the prime factors of 2993057668.
2, 113, 6621809
What are the prime factors of 34061800?
2, 5, 73, 2333
List the prime factors of 9422770.
2, 5, 7, 227, 593
List the prime factors of 56366389.
56366389
What are the prime factors of 1087111159?
181, 1867, 3217
List the prime factors of 28017174.
2, 3, 23, 203023
List the prime factors of 32574218.
2, 16287109
What are the prime factors of 32429490?
2, 3, 5, 1080983
What are the prime factors of 67477513?
41, 127, 12959
List the prime factors of 556423107.
3, 17, 23, 474359
List the prime factors of 1465599880.
2, 5, 36639997
List the prime factors of 237835647.
3, 7, 3775169
What are the prime factors of 18037607?
7, 2576801
List the prime factors of 4743104.
2, 37, 2003
What are the prime factors of 38220975?
3, 5, 13, 73, 179
What are the prime factors of 1499442084?
2, 3, 7, 1983389
What are the prime factors of 1256063454?
2, 3, 41, 43, 39581
What are the prime factors of 1065599157?
3, 7, 751, 67567
What are the prime factors of 210713876?
2, 19, 97, 101, 283
List the prime factors of 690997700.
2, 5, 19, 363683
List the prime factors of 157890408.
2, 3, 13, 463, 1093
List the prime factors of 79906326.
2, 3, 13317721
List the prime factors of 545475290.
2, 5, 54547529
What are the prime factors of 1176331607?
11, 43, 149, 16691
What are the prime factors of 5231400?
2, 3, 5, 8719
List the prime factors of 236105360.
2, 5, 73, 40429
List the prime factors of 27581627.
27581627
List the prime factors of 138116976.
2, 3, 17, 193, 877
List the prime factors of 124900181.
7, 17842883
List the prime factors of 93423792.
2, 3, 7, 11, 23, 157
What are the prime factors of 541082935?
5, 23, 73, 64453
List the prime factors of 26555131.
353, 75227
What are the prime factors of 157949562?
2, 3, 97, 223, 1217
List the prime factors of 109881491.
167, 657973
What are the prime factors of 576957067?
17, 97, 439, 797
What are the prime factors of 455333422?
2, 227666711
What are the prime factors of 1271434353?
3, 7, 5387, 11239
What are the prime factors of 5832189824?
2, 37, 1231459
List the prime factors of 43789224.
2, 3, 19, 109, 881
List the prime factors of 3075072598.
2, 13, 118272023
List the prime factors of 1634382604.
2, 408595651
List the prime factors of 217387650.
2, 3, 5, 433, 3347
List the prime factors of 463623048.
2, 3, 7, 17, 1061
What are the prime factors of 382217880?
2, 3, 5, 11, 289559
What are the prime factors of 481807523?
17, 41, 463, 1493
List the prime factors of 147440844.
2, 3, 1365193
What are the prime factors of 3262662?
2, 3, 13, 73, 191
List the prime factors of 4785876108.
2, 3, 13, 17, 601543
What are the prime factors of 100057681?
100057681
List the prime factors of 33145904.
2, 11, 47, 4007
List the prime factors of 216583391.
31, 229, 30509
What are the prime factors of 164398706?
2, 127, 733, 883
What are the prime factors of 2075717627?
2377, 873251
What are the prime factors of 64161736?
2, 2467, 3251
List the prime factors of 120595850.
2, 5, 19, 126943
List the prime factors of 1482276407.
157, 2551, 3701
What are the prime factors of 496999611?
3, 18407393
List the prime factors of 697427036.
2, 71, 2455729
What are the prime factors of 1604205026?
2, 802102513
What are the prime factors of 3896746634?
2, 11, 3623, 48889
List the prime factors of 3216060420.
2, 3, 5, 53601007
List the prime factors of 1472681017.
1472681017
List the prime factors of 200154684.
2, 3, 257, 64901
List the prime factors of 148104617.
3623, 40879
What are the prime factors of 49874052?
2, 3, 499, 8329
List the prime factors of 81396675.
3, 5, 361763
What are the prime factors of 56356563?
3, 157, 119653
List the prime factors of 33083542.
2, 59, 181, 1549
List the prime factors of 160932825.
3, 5, 59, 449
List the prime factors of 3281343507.
3, 13, 23, 269, 1511
List the prime factors of 574313678.
2, 287156839
What are the prime factors of 3112534368?
2, 3, 10807411
What are the prime factors of 54685775?
5, 79, 27689
List the prime factors of 1513603954.
2, 19, 31, 89, 14437
What are the prime factors of 145743049?
71, 401, 5119
What are the prime factors of 261219511?
7